27. Suppose 129*t = g*t + 62. Is t composite?
False
Suppose -33*z + 42198 = -27*z. Is z composite?
True
Let g be 838/2 + 5 + 0 + -8. Suppose 0 = 5*i + g - 4011. Is i a composite number?
False
Suppose -12*s = -10*s + 24. Is 6*(-1329)/(-24)*s/(-9) a composite number?
False
Let p(m) = -316*m - 31. Is p(-9) a prime number?
False
Let h be (19 - 0)*(-12)/6. Let k be 26/(-117) - h/9. Suppose n - k*n = 15, -d - 4*n + 67 = 0. Is d a prime number?
False
Suppose 9*x - 5*m - 4486 = 7*x, 0 = x + m - 2243. Is x prime?
True
Suppose -2*w - 2*d = 10, -2*w - d - 3 = 2. Suppose -5*g = -w*g + 5*n - 30, 4*g - 4*n = 0. Suppose 2*f = -2*k + 360, -g*f + 0*f - 200 = -k. Is k prime?
False
Suppose 0 = 3*u + n + 6823, 11371 = -u - 4*u - n. Let s be 1/5 - u/30. Suppose 2*c = -3*i + 157, -2*c = -3*i + 85 + s. Is i a composite number?
False
Let o(v) = 7*v. Let b be o(2). Let d = b - 9. Suppose d*t - 21 = -y, 4*t - 3*t + 2 = 0. Is y prime?
True
Let g = 40482 + -21385. Suppose 0*d = -d - z + 3825, -5*d + g = -2*z. Is d composite?
False
Suppose -n + 2*r = -2923, -5*r = 4*n + 1508 - 13187. Is n a prime number?
False
Let m = 959 + 7962. Is m composite?
True
Suppose 9*v = -5 + 50. Let x(l) = 84*l + 61. Is x(v) composite?
True
Suppose 0*w - w = 0, -2*x + 2*w = -30. Let p = 18 - x. Suppose -j = p*b - 28, 5*j + 4*b - 114 = 2*b. Is j a prime number?
False
Let r(k) = k + 1. Let b be r(3). Suppose 0 = -b*j + 2*j + 10, z + 12 = 3*j. Suppose -z*t + 67 = -26. Is t prime?
True
Let j = 558 - -551. Suppose 0 = -5*i + 396 + j. Is i prime?
False
Suppose 9*a + 1308 = 7*a. Let t = a + 1285. Is t prime?
True
Suppose -9 = -3*r, -4*r = -8*x + 6*x + 18542. Is x a prime number?
True
Let y = -3 + 9. Suppose 0 = -3*x + 6 + y. Suppose 0 = -n - 5*v + 113, x*v = n + 2*v - 113. Is n prime?
True
Let t(s) = s**2 + 15*s + 8. Let z be t(-15). Suppose i + 5*y = 4, -2*i + 0*i = 2*y + z. Is (3/i)/(2/(-332)) composite?
False
Let z be (3 - (-54)/(-12))/(6/(-4)). Is (-6)/18*z*1*-1461 a prime number?
True
Suppose 5*m + 2*f + 24 = 0, -4*m - 18 = -2*f + 3*f. Let w be m/(-5) - 64/(-20). Suppose -w*l + 2*l = -114. Is l a prime number?
False
Suppose l - 6 = -4*d - l, 0 = 3*d + l - 6. Suppose 0 = 3*b - 15, 0 = -d*z - z + 2*b + 2674. Is z a prime number?
False
Let y(o) be the first derivative of 31*o**7/120 - o**6/360 + o**4/24 - 5*o**3/3 - 9. Let x(t) be the third derivative of y(t). Is x(1) a composite number?
True
Let d be (-2)/(-4)*10/1. Let r be ((-10)/6)/(d/(-6)). Let a = r - -35. Is a composite?
False
Suppose -7*x = -4*x. Suppose g - 4*g + 2019 = x. Is g prime?
True
Suppose 2*a = -5*z + z + 11842, a = -3*z + 5923. Is a a composite number?
True
Suppose 5*t - 20 = 0, -5*t - 1558 = 2*p - 4*p. Is p prime?
False
Suppose -d = g - 6*g + 1468, g = 2*d + 299. Suppose g = i + 116. Is i a composite number?
True
Let t(x) = -4*x + 17. Let n be t(3). Suppose 3*u + n*w - 4531 = 3*w, -u - 4*w + 1497 = 0. Is u a composite number?
True
Suppose -t + 18 = -6*t + 2*s, 0 = 2*t + 3*s + 11. Is (-60654)/(-26) - t/26 composite?
False
Let i = -94 - -54. Suppose 5*n = s + 102, 3*s + 3*n - 4*n = -320. Let f = i - s. Is f a prime number?
True
Suppose 5*v - t = -3496, 2*t + 827 = 5*v + 4319. Let k = 1111 + v. Is k prime?
False
Let o(t) = 106*t**2 + 6*t + 1. Is o(3) prime?
False
Suppose 0 = -4*g - 21*r + 16*r + 7229, 3*r = 15. Is g composite?
False
Let d(c) = c**2 - 5*c - 27. Let l be d(9). Let g(m) = m**2 + 8*m + 6. Let n be g(-6). Let j = n + l. Is j prime?
True
Let c = -15 + 15. Is 0/(-1 - -2) + 529 + c composite?
True
Let b = -11 - -17. Suppose b*n - 636 = 4*n. Suppose 4*a = -5*k + 1591, k + 4*a - 3*a - n = 0. Is k a composite number?
True
Let l(c) = 870*c - 40. Let b be l(14). Suppose 4*j - 2*y = 12434, -4*j = -y - b - 295. Is j a composite number?
False
Let o(v) = -2*v**2 + 3*v + 8. Let x be o(4). Is (x/9)/(2/(-69)) a composite number?
True
Suppose o = -4, 4 = 4*u + 3*o + 8. Suppose 7*l + 3*b = 2*l + 1480, -4*b - 566 = -u*l. Is l a prime number?
True
Let o = 11 - 99. Let v = o + 157. Is v prime?
False
Suppose 5*p + 4*i - 2066 = 0, 5*p + 5*i - 3068 = -1003. Suppose p + 470 = 4*f. Is f composite?
True
Let p(h) = 24*h - 56. Let t be p(-16). Let f = -177 - t. Is f a composite number?
False
Let h(m) = 2223*m**2 + 2*m - 3. Let l be h(1). Suppose 0 = -3*g + 5*i + 4176, -816 = g + 3*i - l. Is g a composite number?
True
Let y(w) = -w**3 - 14*w**2 + 8*w + 18. Let a = 29 - 29. Suppose -2*t = a, 0 = -3*q - t + 2*t - 51. Is y(q) a prime number?
False
Let u(f) = f**3 + 3*f**2 + 3*f + 8. Let z(q) = -q**2 + q - 1. Let s(b) = -u(b) - 3*z(b). Suppose 5*d - g = 3*d - 10, -3*d + g = 14. Is s(d) a composite number?
False
Let o be (-4)/22 + (-160)/88. Is -6 - -8 - (o - 67) a prime number?
True
Suppose 23*x - 266550 = -7*x. Is x a composite number?
True
Let l(x) = 603*x + 3. Let p be l(5). Is (-4 - (-5)/1) + (p - 0) composite?
False
Suppose -47145 = -22*s + 7*s. Is s prime?
False
Suppose 19*t - 10132 = 15*t. Is t a prime number?
False
Let w be 1/((-1 + 5)/12). Let z be (1/w)/(3/18). Suppose 4*j - 2910 = -z*j. Is j prime?
False
Suppose -2*v = -5*c + 8, 2*v = -c - 0*c + 4. Suppose -5*n + 711 = -c*n. Is n a prime number?
False
Let j(k) = -k**2 - 11*k - 9. Suppose -32 = -2*l + c - 5*c, -l + 2 = -5*c. Suppose 0 = 3*h + 6 + l. Is j(h) composite?
True
Let v(o) = -88*o + 991. Is v(0) a composite number?
False
Suppose -4*x + 45929 = -3*z, 2*x + 35*z - 22957 = 38*z. Is x composite?
True
Let t be ((-4)/10)/((-7)/(-35)). Let r(b) = -64*b + 3. Is r(t) a prime number?
True
Let q(o) = -12*o**3 - o**2 - 2*o - 3. Suppose -8 + 50 = 6*z. Suppose -12 = 5*s + 2*l - 4*l, -3*l - z = 5*s. Is q(s) a prime number?
False
Let n be -5 + 3 + 3 + 5. Suppose -3*c = -n*c. Suppose -g - 3*g + 60 = c. Is g a prime number?
False
Suppose 2*k - 33074 = 51452. Is k composite?
True
Let l = -156 + 82. Is l/(0 - 6/33) composite?
True
Let l = 1338 + -1331. Suppose j = 2*j - 4. Suppose -5*f + f + 100 = -j*y, 0 = f + 5*y - l. Is f a prime number?
False
Let w(m) = 5*m + m**2 - 9*m + 112*m**2 + 12*m**2 + 2. Is w(3) composite?
True
Let p = 13 + -19. Let z(s) = -2*s**3 - 10*s**2 - 8*s + 3. Let w be z(p). Suppose 138 = 3*q - w. Is q a composite number?
True
Let c(t) = 52*t**2 + 2*t - 1. Let r = -23 + 19. Let b(q) = q**3 + 5*q**2 + 4*q + 1. Let p be b(r). Is c(p) a prime number?
True
Let y(f) = 2*f + 3. Let s be y(-2). Let q = 46 - s. Is q a prime number?
True
Is 9/108 - 608483/(-12) prime?
True
Let j(s) = -2*s + 14. Let w be j(7). Suppose 2*m + 1010 + 5568 = w. Is (-4)/16*(5 + m) a prime number?
True
Let a(l) = 12*l + 2. Let z be a(6). Suppose -z = 5*b + 651. Let s = b - -203. Is s prime?
False
Let g(p) be the third derivative of p**6/120 + 3*p**5/20 + 7*p**4/12 - 2*p**3/3 - 3*p**2. Let a be g(-10). Is -3 - 7/(14/a) prime?
False
Let f(b) = -2*b**2 - b - 1. Let s be f(-1). Suppose -m - 259 = -j, 2*m = 5*j - 146 - 1161. Is 0 + j*(-2)/s a composite number?
False
Let r(s) = -5*s**3 + 2*s**2 + s + 6. Let u(x) = -5*x**3 + x**2 + x + 5. Let v = -4 - -8. Let l(i) = v*r(i) - 5*u(i). Is l(3) composite?
True
Let f = 27322 - 17633. Is f composite?
False
Let s = -133 - -70. Let a = s - -1256. Let y = -852 + a. Is y composite?
True
Let x = 25859 + 24558. Is x prime?
True
Suppose 0 = 2*t - l - 51745, -6*t + 13*l = -4*t - 51781. Is t composite?
True
Let m = -1043 + 3414. Is m prime?
True
Suppose -3*l + 3 = 0, -5*a = -4*a - l - 2680. Is a prime?
False
Suppose -4*b + o - 61204 + 260545 = 0, 99669 = 2*b + o. Is b prime?
False
Suppose -3*f = 12*f - 18885. Is f a composite number?
False
Suppose -4*c = -r - 10, -3*r = 2*r + 10. Is c/9 + ((-10680)/(-54) - 7) a prime number?
True
Let t be (-39)/((-3)/(-2) + 175/(-126)). Let r = 932 + t. Is r a composite number?
True
Let y(s) = -s**3 + 4*s**2 + 8*s - 4. Let w be y(6). Let p = 105 + w. Is p composite?
True
Suppose -5*p + 15332 = c - 23391, 5*p = 3*c + 38731. Is p composite?
True
Let o(f) = -f**2 + 5*f - 1. Let u be o(7). Let l = -12 - u. Suppose -310 = -l*q - 2*q. Is q composite?
True
Is (8/(-32))/(5/(-5 - 2535)) a prime number?
True
Suppose -2*f + 20 = -4*p, -p + 0*p = -f + 7. Let d be (4/f)/((-2)/794). Is (d/(-5))/(1/5) prime?
True
Let w be ((-4)/(-3))/(64/144). Is (-3)/((-18)/6236) - 1/w composite?
False
Suppose -8*k = -0*k - 3*k. Is (-10)/(-6)*(2049 + k) prime?
False
Suppose 4*b - 